(v) = -v**3 + v - 3 + v - 4*v - 2*v. What is the units digit of q(-2)?
3
Let g(o) = -9 + 2*o + 1 + 7. What is the units digit of g(5)?
9
Suppose -2*n = 0, u + 0*n - 244 = n. What is the units digit of u?
4
Let j(w) = -w**2 - 32*w + 18. What is the units digit of j(-12)?
8
Let w(q) = -q. Let z be w(-10). Suppose 7 = v - z. What is the units digit of v?
7
Let s = 163 - 156. What is the units digit of s?
7
Let n(j) = j**2 - j - 2. Let i be 21*1*(-2)/(-3). Suppose -2*o = -8, -2*y + 0*y = -2*o + i. What is the units digit of n(y)?
0
Suppose -5*g + 59 = -51. What is the units digit of g?
2
What is the tens digit of (-1498)/(-18) - (-7 + 455/63)?
8
Suppose 2*l = -11*l + 2574. What is the tens digit of l?
9
Let g(p) = 16*p**2 - 3*p - 1. What is the tens digit of g(-2)?
6
Suppose -2*u + 0*u + 10 = 0, 3*u = d - 136. What is the hundreds digit of d?
1
Suppose 2*o + 3*b - 3 = 0, 0 = 4*o - 0*b + 3*b - 9. What is the units digit of o?
3
Suppose -x + p - 25 = 19, 3*x - 5*p + 134 = 0. Let l = x - -66. What is the tens digit of l?
2
Let k(y) = y**3 + y - y**2 - y. Let t be k(0). Suppose -4*l + 4*x = -28, 2*l - 4*l - x + 8 = t. What is the units digit of l?
5
Let u be 1*(4/2 - 0). Let b = u + 1. Suppose 2*v = -3*p + 7*p - 58, 3*p - b*v = 39. What is the units digit of p?
6
Let v(p) = p - 6. Let g be v(8). Let q = 10 + g. What is the tens digit of q?
1
Let c be (-3)/((-9)/(-3)) + 4. Let b be (0 - -3) + c*3. Let r(h) = -h**2 + 14*h - 10. What is the tens digit of r(b)?
1
Let l(d) = -7*d + 188. What is the units digit of l(0)?
8
Let g(v) = v + 20. What is the tens digit of g(-4)?
1
Suppose -24 = 5*y - 4*s, -y + 2*s = 3*s + 12. Let b be 6/(-15) + y/(-20). Let p = b + 7. What is the units digit of p?
7
Let z(i) be the first derivative of i**2 - i - 1. Let m be z(-1). Let b = m + 4. What is the units digit of b?
1
Let a be 0 + (0 - -1) - 1. Suppose d - 3*u = -2*u + 4, a = -u - 2. Suppose -9 = -f + n, d*n + 12 = f + 4*n. What is the tens digit of f?
1
Let f(c) = -c**2 - 5*c + 4. Let q be f(-5). Let u be (7 + -4)/(6/q). Suppose -3*m = d - u*m - 3, 5*d + 4*m = 19. What is the units digit of d?
7
Let n be -3*(-5 - 0/1). Let a = n - 11. Suppose x = a*u - 3, 12 = -x + 3*x - 2*u. What is the units digit of x?
9
Let k(t) = 7*t - 32. What is the tens digit of k(10)?
3
Suppose 0 = -8*r + r + 1491. What is the tens digit of r?
1
Let y(z) = 2*z + 13. Let m(i) = -3*i - 19. Let d(v) = -5*m(v) - 7*y(v). Let b be d(-7). Let u = b + 9. What is the units digit of u?
6
Suppose 0 = 5*k - 0*k - 10. Suppose -k*p = 5*h - 96, h - 4*p - 3 = p. What is the tens digit of h?
1
Suppose -i = 5*m - 22, 4*i - 3*m = -m. What is the tens digit of (-1 - (-27)/i)*2?
2
Suppose -8*k + 438 = -2*k. What is the tens digit of k?
7
What is the units digit of 75/(-2)*4/(-6)?
5
Let l(s) = 2*s**2 + 2*s + 1. Let b be l(-2). Suppose -3*j = 2*j - 15. Suppose 6*c + b*g = 3*c + 4, 11 = j*c - 2*g. What is the units digit of c?
3
Suppose -158 = -4*g - 2*m, -3*g + m = 3*m - 118. What is the tens digit of g?
4
Let w = 20 - 31. What is the tens digit of 1 - w/(-2)*-2?
1
Suppose 3*h + 32 = 392. Suppose 4*i - h = -0*i. Suppose -3 = 3*l - i. What is the units digit of l?
9
Suppose d = -3*d + 72. Suppose 2*y - 60 = -3*t, -d + 57 = 2*t + y. What is the tens digit of t?
1
Suppose -2*y - 35 = -7*y - 2*c, 2*y = 5*c - 15. Suppose y*p = -8 + 43. What is the units digit of p?
7
Let z(i) = i**3 + i - 1. Let m(t) = -t**2 + 7*t + 8. Let o be m(8). Suppose -2*f + 4 + 0 = o. What is the units digit of z(f)?
9
Suppose -4*j = -5*s - 648, -6*s + 517 = 3*j - 2*s. What is the hundreds digit of j?
1
Suppose z + 5 = 3*b + 1, b + 5*z - 12 = 0. Suppose -w = 4*w, -b*i - 2*w + 2 = 0. What is the units digit of i?
1
Let z = -173 + 271. What is the tens digit of z?
9
Let n be -4*3/(-6)*1. What is the tens digit of (-156)/(-8) + n/(-4)?
1
Let k = -21 + 11. Let c = k + 15. What is the units digit of c?
5
Let o(j) = 3*j**2 + 20*j + 11. Let k(v) = v**2 + 7*v + 4. Let m(y) = -17*k(y) + 6*o(y). What is the units digit of m(-3)?
4
Let m(l) = 128*l + 1. What is the hundreds digit of m(1)?
1
Suppose -3*x + 212 = x. What is the units digit of x?
3
Suppose 10 = 3*l + 2*l. Suppose 23 = l*p + 1. What is the units digit of p?
1
Let u = 27 + -14. Suppose w - 5*r = u, -w + r - 5 = 3*w. What is the units digit of (w - -9)*1/1?
7
Let s be (-46)/4 - 2/4. Let d = 16 + -22. Let m = d - s. What is the units digit of m?
6
Let h(g) = -11*g + 9. What is the units digit of h(-6)?
5
Suppose 7*p = 2*p + 400. What is the tens digit of p?
8
Let i = -86 + 149. What is the tens digit of i?
6
Suppose 7*i - 3*i = 5*u + 44, -20 = 3*u - 4*i. What is the units digit of u/(-7) + (-4)/(-14)?
2
Suppose -2*h - 21 + 3 = 0. Let b be 4 - (h/(-3))/(-3). What is the units digit of 3/b + (-114)/(-10)?
2
Suppose 5 - 20 = -3*g. Suppose -z = 3*a + 1, 4*z - 15 = 3*z + g*a. Suppose -3*r + 7*r - 45 = z*m, -5*r + 4*m = -45. What is the units digit of r?
5
Let l(s) = 24*s - 59. What is the hundreds digit of l(8)?
1
Suppose -4*u - u = 0. Suppose u*c = -c + 3. Suppose -c*x - 24 = -6*x. What is the units digit of x?
8
Suppose -6*i + 238 = i. What is the tens digit of i?
3
Let i(j) = j + 34. What is the units digit of i(0)?
4
Let u(b) = b**3 + 5*b**2 - 5*b - 1. Let w be u(-6). Let n = -9 - -19. Let m = n + w. What is the units digit of m?
3
Let l(c) be the first derivative of -c**3/3 + 3*c**2 - 2*c - 1. What is the units digit of l(4)?
6
Suppose -w - 5*n = -n - 59, 106 = 2*w + 2*n. What is the tens digit of w?
5
Let o = -3 - -11. Suppose -o*b + 100 = -3*b. Let g = -11 + b. What is the units digit of g?
9
Let h be (2 + 1)*12/9. Let l = h + -12. What is the units digit of 2/l - 116/(-16)?
7
Suppose 5*m + 4*o = 12 + 4, -3*m = 5*o - 20. Let d(l) = -8*l + 15. Let p(z) = 3*z - 5. Let t(h) = 4*d(h) + 11*p(h). What is the units digit of t(m)?
5
Let y(z) = -z**2 - 10*z + 10. What is the tens digit of y(-9)?
1
Let k = 6 - -15. Let r be 1014/21 - 6/k. Suppose 0 = 2*m - 6*m + r. What is the units digit of m?
2
Let h = 44 - 36. What is the units digit of h?
8
Suppose -2*o = -2*t + 15 + 61, -2*o - 4 = 0. Suppose -d - t = -4*d. What is the tens digit of d?
1
Let l(a) = -1 - 1 - a + 7*a + 3*a. What is the tens digit of l(2)?
1
What is the units digit of 135/20 + (-3)/(-12)?
7
Let a be (-1)/1 - (17 + 4). Let o = a - -50. What is the units digit of o?
8
Let y(i) = -i**3 + 10*i**2 - 4*i + 4. What is the units digit of y(9)?
9
Let s = -17 + 13. Let n(o) = 2*o**2 - 4*o - 5. What is the tens digit of n(s)?
4
Let q be 11 - 1/3*3. Suppose -y - 2 = -q. What is the units digit of y?
8
Suppose -4*w + 246 = -118. What is the tens digit of w?
9
Suppose 0 = -4*y - 2*y - 72. What is the tens digit of (y/3)/(-8)*58?
2
Suppose -7*c = -4*c + 78. Let k = 7 - c. What is the units digit of k?
3
What is the tens digit of 242 - -1 - ((-4 - 6) + 6)?
4
Let r(d) = d + 2*d**2 + 5 + d**3 + 4*d - 8*d**2. Let q be r(5). Suppose q*v = 12 + 8. What is the units digit of v?
4
Let k(a) = a**3 + 5*a**2 - a - 3. Let o = -11 + 8. Let f be k(o). Suppose f + 37 = 5*x. What is the units digit of x?
1
Let s be (15/9)/(4/12). What is the tens digit of (0 - -4)*(s - -3)?
3
Let y(f) be the third derivative of 0*f - 1/6*f**3 - 1/24*f**4 + 0 + 3*f**2. What is the units digit of y(-10)?
9
Let c = 5 - 7. Let q be 2*(2 + (-1)/c). Let d(t) = t**2 - 5*t + 1. What is the units digit of d(q)?
1
Let o(i) = i**3 - 5*i**2 + 7*i - 6. Let n be o(5). Let f = -10 - -14. Suppose -s + f*v - 10 = -3, -4*v = -5*s + n. What is the units digit of s?
9
Let g = -29 + 54. What is the tens digit of g?
2
Suppose -3*v = -3*g + 2*v - 16, 0 = 3*v - 15. Suppose -4*p = -g*p - 5. What is the units digit of p?
5
Suppose 2*b - 11 = 4*t - t, 2*b - 12 = 4*t. Suppose -o = 3*o - 4. Let f = o + b. What is the units digit of f?
5
What is the tens digit of 10/(-15)*(-924)/8?
7
Let j(f) = 5*f + 8. Let w(a) = a - 3. Let n be w(7). What is the tens digit of j(n)?
2
Suppose 0 = -4*k + 2*g, -3*k - k + 4*g = 0. Let l(h) = -h**3 + h + 17. What is the units digit of l(k)?
7
Let h = 74 + -44. What is the units digit of h?
0
Let m(p) = 5*p - 6. Let i(k) = -6*k + 6. Let a(h) = -6*i(h) - 7*m(h). What is the tens digit of a(7)?
1
Suppose 5*f - 165 = w, 0 = -3*f + 4*w + 29 + 70. Let v = -12 + f. What is the tens digi